 Let i = -95 + q. Suppose -i = -5*w + a, 2*w + a = -2*w + 28. Calculate the highest common divisor of 56 and w.
7
Let u(j) = 19*j**2 + 31*j + 69. Let w be u(-7). Calculate the greatest common factor of 351 and w.
27
Let y be 138/4 - (-13)/(-26). Let w = 67 - y. Let b(n) = 44*n**3 - n + 1. Let k be b(1). What is the highest common divisor of k and w?
11
Let f be (2/3)/((-1)/(-9)). Let m = -151 + 142. Let v be f/m + (-32)/(-12). Calculate the greatest common factor of v and 8.
2
Let f(s) = -s**3 + 14*s**2 - 40*s + 69. Let t be f(8). What is the greatest common factor of t and 4085?
19
Let h = -10122 - -10377. What is the greatest common divisor of 165 and h?
15
Let u(h) = -h**3 - 19*h**2 + 397*h + 27. Let y be u(-32). Calculate the greatest common divisor of y and 127.
127
Let y be (4 + -16)*(-6)/8. Suppose 36 = 12*w - y*w. Suppose -25 = 5*q - 45. What is the greatest common divisor of w and q?
4
Suppose k + 2*k = 2*c + 1920, 3*k - 5*c = 1929. Let f = -121 + k. Calculate the highest common divisor of f and 11.
11
Let j = -3203 + 3546. Calculate the highest common divisor of 784 and j.
49
Let r be (40/(-72)*6)/((-3)/9). Suppose -r*o + 11*o = 90. What is the highest common factor of 18 and o?
18
Let g(k) = -4213*k + 84 - 25 + 4209*k. Let s be g(11). Calculate the highest common factor of s and 405.
15
Suppose -r + a + 724 = 0, -17*a + 13*a + 2200 = 3*r. What is the highest common factor of r and 455?
91
Let u(v) = -5*v - 52. Let t be u(-24). Suppose 278 = 14*h + t. Suppose -30 = 4*g - 6*g. What is the highest common factor of h and g?
15
Suppose 5*h - 9*h + 920 = 0. Let z be 10/8*4 + -1 - -134. Suppose 0 = 12*f - 18*f + z. What is the highest common divisor of f and h?
23
Let t(u) = 6*u + 1. Let q(f) = 208*f + 3. Let i(g) = q(g) - 6*t(g). Let y be i(2). What is the highest common divisor of y and 62?
31
Suppose 0 = 2*m - 5*m - 5*h - 479, 2*m - 4*h = -334. Let d = m + 170. Let z be (-1 - 6)*1*-1. Calculate the greatest common factor of z and d.
7
Let u(o) = -o**3 - 16*o**2 - 16*o + 5. Let y be u(-15). Let a be ((-6)/(-4))/((-5)/20). Let h = a + 11. What is the greatest common factor of y and h?
5
Suppose -2*k - 11*a = -7*a - 24, 0 = -3*k - a + 31. Let w = 1 + 144. What is the greatest common factor of w and k?
5
Let q be (5 + -8)*(-3)/((-27)/(-120)). Suppose 5*o = 2*o + 6. Suppose 5*t - 45 = 2*w + 5, 2*w = o*t - 20. Calculate the highest common divisor of q and t.
10
Suppose 730 - 142 = 7*t. Let k be (18/81)/((-9)/(-1944)). What is the greatest common factor of t and k?
12
Suppose -6*x + 441 = 3*x. Let d = 50 - x. Let q be (-1326)/(-15) + 2*d/(-5). What is the highest common factor of 220 and q?
44
Suppose -20 = -4*g + 8. Suppose 10*t + g*t = 6885. Calculate the highest common factor of t and 45.
45
Let i = -182 + -53. Let z = -220 - i. Calculate the greatest common factor of 20 and z.
5
Let c(b) = 53*b - 8966. Let w be c(172). What is the greatest common divisor of w and 156?
6
Let o(v) = v**2 - 12*v + 20. Suppose -2 = -h, 39 = 4*w + h - 19. Let m be o(w). Suppose -6*x + m = -4*x. What is the highest common divisor of 36 and x?
12
Let w = 25372 - 24364. Calculate the greatest common divisor of w and 378.
126
Let k(z) = -1 - 46*z**2 + 56*z**2 - 17 + 15*z + z**3. Let n be k(-7). What is the greatest common divisor of n and 384?
24
Suppose 2*b - 40 = 6*b. Let k be (b - -1)*8/(-6). Let z be (k/(-8))/(2*(-1)/8). Calculate the greatest common factor of 6 and z.
6
Let x be (6/4)/(-3)*-4. Let w(b) = -b**3 + 27*b**2 - 84*b + 289. Let k be w(24). Calculate the greatest common factor of x and k.
1
Suppose 0*m + m = 60. Let u = 39171 - 39087. What is the greatest common factor of m and u?
12
Let m be 36*(552/80 + -7 + (-965)/(-150)). Calculate the highest common divisor of 798 and m.
114
Let i(h) = -14*h**2 - 15*h. Let j be i(-4). Let b = -150 - j. Suppose 7*a - 70 = 2*a. Calculate the greatest common factor of a and b.
14
Let d(o) = 2131*o - 6877. Let v be d(7). What is the greatest common divisor of v and 40?
40
Let q(v) = v**3 - 7*v**2 - 55*v + 1. Let i be q(12). What is the highest common divisor of 13847 and i?
61
Let x be (-2992)/(-14) - (-2)/7. Suppose 3*u = -1928 + 1931, -u = 5*p - 3*u - 8. Calculate the greatest common factor of p and x.
2
Let g(x) = -2*x + 52. Let h be g(19). Suppose h + 46 = 6*i. Suppose 0 = 11*n - i - 23. What is the highest common factor of 24 and n?
3
Let p(l) = l**3 + 14*l**2 - 17*l - 12. Suppose -k + 12 = -c, -5*c + 26*k - 28*k = 25. Let v be p(c). What is the greatest common divisor of 75 and v?
75
Let x(w) = -4*w**3 + 2*w**2 - 2. Let v be x(-2). Suppose 0 = 4*o + 114 - 142. Let k be 306 - ((7 - o) + 2). Calculate the highest common factor of k and v.
38
Let p(r) = -127*r + 1366. Let t be p(-95). What is the greatest common divisor of 111 and t?
111
Let l(p) = 70*p - 973. Let q be l(16). Calculate the greatest common factor of q and 231.
21
Let r(i) = 2*i**2 + 12*i + 5. Let w be r(12). Suppose -5*o + w = 2*b + 39, -181 = -b + 2*o. What is the highest common divisor of 21 and b?
21
Suppose 2*c - 83 = 3*c. Let t be ((-1)/(-3))/((-145)/(-36975)). Let a = c + t. Calculate the highest common divisor of a and 32.
2
Let t be -8*(4 + (-52)/16 + 4). Let o be 55/2 - (-95)/t. Calculate the greatest common divisor of 450 and o.
25
Let n = 2812 - 2748. Let x(o) = -2*o**2 + 3*o - 4. Let t be x(6). Let p = t + n. What is the greatest common factor of 6 and p?
6
Let u be ((-12)/(-36))/((-146)/(-24) + -6). Calculate the greatest common factor of u and 1066.
2
Suppose 10*m + 2673 = 19*m. Let i = m - 292. What is the highest common factor of i and 220?
5
Suppose y + 5*j + 230 = 0, -4*y - 5*j = -35 + 1015. Let a = y + 278. What is the highest common factor of 448 and a?
28
Let u(n) = 3*n + 40. Let f be u(18). Let z = f - 90. Let a be (-53)/(-1) + (z - 2 - -1). What is the greatest common divisor of 8 and a?
8
Let q(i) = -5*i**2 + 66*i - 17. Let d be q(12). What is the highest common divisor of d and 704?
11
Let o = -2583 + 2808. Calculate the highest common divisor of 855 and o.
45
Let g = -6255 + 10871. Suppose -3*u = u - g. Suppose -6 = -f - 2, -5*n + 4*f + u = 0. What is the greatest common factor of 26 and n?
26
Let b be (-30)/(-2) + -101 + (-6)/(-1). Suppose -3*t + 326 = 4*u, -3*u + 5*t = -7*u + 322. Let j = u + b. Calculate the greatest common factor of j and 21.
3
Let v = 9 + 78. Let g = 2668 + -2552. What is the highest common factor of v and g?
29
Let m(x) = x**3 - 4*x**2 - 69*x - 6. Let k be m(11). What is the highest common factor of k and 2378?
82
Let u be 1098/11 - (-2)/11. Let c = u + 17. Let k = 4035 + -4022. What is the highest common factor of k and c?
13
Suppose 2230 = -13*x + 2269. What is the highest common divisor of 8 and x?
1
Let o(q) = q**3 + 9*q**2 - 11*q + 2. Let u be o(-10). Suppose u*a - 498 = 258. Calculate the greatest common factor of a and 27.
9
Let m be 4/12 - 664/(-6). Let j be 385/308 - 615/(-4). Let s = j - m. What is the greatest common factor of s and 110?
22
Let b be (5/(-6))/((-24)/1008). Let p(m) = 2*m**2 + 9*m + 19. Let s be p(-4). Calculate the highest common factor of s and b.
5
Suppose 2*a = -8, 71*a - 864 = -2*k + 67*a. What is the greatest common factor of k and 1430?
110
Suppose q + 106 = 346. What is the highest common divisor of 510 and q?
30
Suppose -8835 = 28*r - 62*r + 3405. What is the greatest common divisor of 320 and r?
40
Suppose 3*n = 26 - 2. Suppose -3*u - 60 = -n*u. Let c = 6943 + -6913. Calculate the highest common divisor of c and u.
6
Let n = -3417 - -3418. What is the greatest common divisor of 157 and n?
1
Suppose -93*n - 48*n + 117934 = -439298. Calculate the greatest common divisor of n and 228.
76
Let x be (1404/(-7))/((-663)/3094). What is the highest common factor of x and 1584?
72
Let m be 3/15 + (-31)/5. Suppose 18*h + 9*h - 120 = -33*h. Let i be 2/((-2)/m + 0/h). Calculate the highest common factor of 14 and i.
2
Suppose 10370 = 47*l - 33*l + 47*l. What is the greatest common divisor of l and 180?
10
Let f(q) = -348*q - 12. Let i(l) = l - 18. Let j be i(15). Let g be f(j). Calculate the highest common divisor of g and 24.
24
Suppose -97*l - 57*l = -8956 - 6136. Let f(s) = 2*s**2 - 6*s. Let w be f(5). Let a = 34 - w. Calculate the greatest common divisor of a and l.
14